e remainder when 7489 is divided by 135?
64
Calculate the remainder when 1838 is divided by 98.
74
What is the remainder when 112970 is divided by 56463?
44
What is the remainder when 153655 is divided by 11?
7
What is the remainder when 327 is divided by 25?
2
What is the remainder when 20018 is divided by 44?
42
What is the remainder when 138 is divided by 78?
60
Calculate the remainder when 670 is divided by 661.
9
Calculate the remainder when 26289 is divided by 221.
211
What is the remainder when 39464 is divided by 1012?
1008
What is the remainder when 4505 is divided by 1471?
92
What is the remainder when 871907 is divided by 678?
677
Calculate the remainder when 5758 is divided by 288.
286
Calculate the remainder when 1088 is divided by 74.
52
What is the remainder when 1134232 is divided by 23?
10
What is the remainder when 239936 is divided by 774?
770
What is the remainder when 7949 is divided by 994?
991
What is the remainder when 219 is divided by 70?
9
Calculate the remainder when 727053 is divided by 272.
269
Calculate the remainder when 19960463 is divided by 48.
47
What is the remainder when 33633 is divided by 16808?
17
Calculate the remainder when 1945 is divided by 15.
10
Calculate the remainder when 3939 is divided by 20.
19
What is the remainder when 108209 is divided by 216?
209
What is the remainder when 14133 is divided by 749?
651
What is the remainder when 1957544 is divided by 224?
8
Calculate the remainder when 221386 is divided by 338.
334
Calculate the remainder when 253690 is divided by 108.
106
What is the remainder when 6825 is divided by 361?
327
Calculate the remainder when 3073 is divided by 178.
47
Calculate the remainder when 2758 is divided by 584.
422
What is the remainder when 46583 is divided by 13?
4
What is the remainder when 9823 is divided by 2075?
1523
Calculate the remainder when 37685 is divided by 309.
296
Calculate the remainder when 2581 is divided by 152.
149
Calculate the remainder when 278 is divided by 198.
80
Calculate the remainder when 37447 is divided by 17.
13
What is the remainder when 189802 is divided by 6?
4
What is the remainder when 4312 is divided by 2098?
116
Calculate the remainder when 14149 is divided by 154.
135
Calculate the remainder when 2962 is divided by 231.
190
What is the remainder when 18832 is divided by 76?
60
Calculate the remainder when 3503 is divided by 1722.
59
Calculate the remainder when 110 is divided by 104.
6
Calculate the remainder when 436099 is divided by 58.
55
What is the remainder when 77523 is divided by 1062?
1059
Calculate the remainder when 405854 is divided by 2182.
2
Calculate the remainder when 4233 is divided by 969.
357
Calculate the remainder when 8375 is divided by 3810.
755
What is the remainder when 55201 is divided by 13800?
1
What is the remainder when 247370 is divided by 140?
130
What is the remainder when 7687866 is divided by 10?
6
What is the remainder when 43382 is divided by 770?
262
What is the remainder when 14287 is divided by 325?
312
Calculate the remainder when 7862 is divided by 17.
8
What is the remainder when 1876 is divided by 49?
14
What is the remainder when 9273 is divided by 5?
3
What is the remainder when 285762 is divided by 51?
9
What is the remainder when 16002 is divided by 160?
2
What is the remainder when 8417 is divided by 264?
233
Calculate the remainder when 4318 is divided by 1213.
679
Calculate the remainder when 296621 is divided by 16.
13
Calculate the remainder when 89421 is divided by 27.
24
Calculate the remainder when 185152 is divided by 1372.
1304
What is the remainder when 2051 is divided by 516?
503
Calculate the remainder when 24987 is divided by 210.
207
What is the remainder when 65109 is divided by 1415?
19
Calculate the remainder when 30786 is divided by 15392.
2
Calculate the remainder when 48249 is divided by 125.
124
Calculate the remainder when 35044 is divided by 594.
592
What is the remainder when 134383 is divided by 67183?
17
What is the remainder when 273672 is divided by 136822?
28
What is the remainder when 42635 is divided by 323?
322
Calculate the remainder when 1668 is divided by 53.
25
What is the remainder when 1737 is divided by 557?
66
Calculate the remainder when 151039 is divided by 50340.
19
Calculate the remainder when 37690 is divided by 6280.
10
Calculate the remainder when 120335 is divided by 647.
640
What is the remainder when 2029 is divided by 1975?
54
Calculate the remainder when 36032 is divided by 132.
128
What is the remainder when 11781 is divided by 301?
42
Calculate the remainder when 21119 is divided by 316.
263
What is the remainder when 57583 is divided by 19189?
16
Calculate the remainder when 32584 is divided by 21.
13
Calculate the remainder when 2879 is divided by 43.
41
Calculate the remainder when 273175 is divided by 7804.
35
What is the remainder when 961129 is divided by 473?
466
What is the remainder when 23919 is divided by 23913?
6
What is the remainder when 71764 is divided by 23807?
343
What is the remainder when 485157 is divided by 2741?
0
Calculate the remainder when 11657 is divided by 72.
65
Calculate the remainder when 560103 is divided by 16.
7
Calculate the remainder when 2294 is divided by 60.
14
Calculate the remainder when 552 is divided by 339.
213
What is the remainder when 4152 is divided by 1325?
177
Calculate the remainder when 192750 is divided by 112.
110
What is the remainder when 5037 is divided by 202?
189
Calculate the remainder when 195134 is divided by 272.
110
What is the remainder when 59689 is divided by 267?
148
Calculate the remainder when 8165 is divided by 2546.
527
Calculate the remainder when 522574 is divided by 261285.
4
What is the remainder when 142920 is divided by 1958?
1944
Calculate the remainder when 25883 is divided by 1615.
43
What is the remainder when 12852 is divided by 273?
21
What is the remainder when 2014 is divided by 242?
78
Calculate the remainder when 90841 is divided by 146.
29
Calculate the remainder when 28643 is divided by 6.
5
What is the remainder when 55031 is divided by 34?
19
Calculate the remainder when 6643 is divided by 742.
707
Calculate the remainder when 359744 is divided by 27.
23
What is the remainder when 2112 is divided by 1111?
1001
Calculate the remainder when 6675695 is divided by 27.
26
What is the remainder when 1596314 is divided by 345?
344
What is the remainder when 737342 is divided by 411?
8
Calculate the remainder when 1836 is divided by 455.
16
Calculate the remainder when 1256 is divided by 3.
2
What is the remainder when 1061 is divided by 335?
56
Calculate the remainder when 4884 is divided by 13.
9
Calculate the remainder when 238688 is divided by 427.
422
Calculate the remainder when 66003 is divided by 171.
168
Calculate the remainder when 62145 is divided by 50.
45
What is the remainder when 6612 is divided by 65?
47
What is the remainder when 129633 is divided by 11?
9
Calculate the remainder when 80404 is divided by 187.
181
What is the remainder when 4847 is divided by 279?
104
Calculate the remainder when 69801 is divided by 793.
17
Calculate the remainder when 42519 is divided by 21209.
101
What is the remainder when 4445 is divided by 88?
45
What is the remainder when 18227 is divided by 73?
50
Calculate the remainder when 6637 is divided by 6620.
17
Calculate the remainder when 1528 is divided by 437.
217
What is the remainder when 1313 is divided by 188?
185
Calculate the remainder when 37304 is divided by 2663.
22
Calculate the remainder when 5486 is divided by 341.
30
What is the remainder when 925509 is divided by 49?
46
What is the remainder when 2055 is divided by 8?
7
What is the remainder when 246034 is divided by 707?
705
Calculate the remainder when 1054 is divided by 946.
108
Calculate the remainder when 253816 is divided by 980.
976
What is the remainder when 100163 is divided by 25039?
7
What is the remainder when 30026 is divided by 9943?
197
What is the remainder when 4329 is divided by 256?
233
What is the remainder when 26264 is divided by 305?
34
What is the remainder when 10865 is divided by 52?
49
What is the remainder when 64691 is divided by 21562?
5
Calculate the remainder when 1302 is divided by 1018.
28